* using log directory '/builds/Rdatatable/data.table/data.table.Rcheck' * using R version 4.5.0 (2025-04-11) * using platform: x86_64-pc-linux-gnu * R was compiled by gcc (Debian 14.2.0-19) 14.2.0 GNU Fortran (Debian 14.2.0-19) 14.2.0 * running under: Debian GNU/Linux 13 (trixie) * using session charset: ASCII * using options '--no-manual --ignore-vignettes' * checking for file 'data.table/DESCRIPTION' ... OK * this is package 'data.table' version '1.17.99' * package encoding: UTF-8 * checking package namespace information ... OK * checking package dependencies ... INFO Packages suggested but not available for checking: 'bit64', 'bit', 'R.utils', 'xts', 'zoo', 'yaml', 'knitr', 'markdown' * checking if this is a source package ... OK * checking if there is a namespace ... OK * checking for .dll and .exe files ... OK * checking for hidden files and directories ... OK * checking for portable file names ... OK * checking for sufficient/correct file permissions ... OK * checking whether package 'data.table' can be installed ... OK * used C compiler: 'gcc (Debian 14.2.0-19) 14.2.0' * checking installed package size ... INFO installed size is 7.3Mb sub-directories of 1Mb or more: doc 1.0Mb libs 1.2Mb po 1.6Mb tests 2.1Mb * checking package directory ... OK * checking DESCRIPTION meta-information ... OK * checking top-level files ... OK * checking for left-over files ... OK * checking index information ... OK * checking package subdirectories ... OK * checking code files for non-ASCII characters ... OK * checking R files for syntax errors ... WARNING Warning in Sys.setlocale("LC_CTYPE", "en_US.UTF-8") : OS reports request to set locale to "en_US.UTF-8" cannot be honored * checking whether the package can be loaded ... OK * checking whether the package can be loaded with stated dependencies ... OK * checking whether the package can be unloaded cleanly ... OK * checking whether the namespace can be loaded with stated dependencies ... OK * checking whether the namespace can be unloaded cleanly ... OK * checking loading without being on the library search path ... OK * checking whether startup messages can be suppressed ... OK * checking dependencies in R code ... OK * checking S3 generic/method consistency ... OK * checking replacement functions ... OK * checking foreign function calls ... OK * checking R code for possible problems ... OK * checking Rd files ... OK * checking Rd metadata ... OK * checking Rd cross-references ... INFO Packages unavailable to check Rd xrefs: 'bit64', 'yaml' * checking for missing documentation entries ... OK * checking for code/documentation mismatches ... OK * checking Rd \usage sections ... OK * checking Rd contents ... OK * checking for unstated dependencies in examples ... OK * checking line endings in shell scripts ... OK * checking line endings in C/C++/Fortran sources/headers ... OK * checking line endings in Makefiles ... OK * checking compilation flags in Makevars ... OK * checking for GNU extensions in Makefiles ... OK * checking for portable use of $(BLAS_LIBS) and $(LAPACK_LIBS) ... OK * checking use of PKG_*FLAGS in Makefiles ... OK * checking compiled code ... NOTE File 'data.table/libs/data_table.so': Found non-API calls to R: 'SETLENGTH', 'SET_GROWABLE_BIT', 'SET_TRUELENGTH', 'TRUELENGTH' Compiled code should not call non-API entry points in R. See 'Writing portable packages' in the 'Writing R Extensions' manual, and section 'Moving into C API compliance' for issues with the use of non-API entry points. * checking installed files from 'inst/doc' ... OK * checking files in 'vignettes' ... SKIPPED * checking examples ... OK * checking for unstated dependencies in 'tests' ... OK * checking tests ... ERROR Running 'S4.R' Running 'autoprint.R' Comparing 'autoprint.Rout' to 'autoprint.Rout.save' ... OK Running 'froll.R' Running 'knitr.R' Comparing 'knitr.Rout' to 'knitr.Rout.save' ... OK Running 'main.R' Running 'mergelist.R' Running 'nafill.R' Running 'other.R' Running 'programming.R' Running 'types.R' Running the tests in 'tests/main.R' failed. Complete output: > require(data.table) Loading required package: data.table > > test.data.table() # runs the main test suite of 5,000+ tests in /inst/tests/tests.Rraw getDTthreads(verbose=TRUE): This installation of data.table has not been compiled with OpenMP support. omp_get_num_procs() 1 R_DATATABLE_NUM_PROCS_PERCENT unset (default 50) R_DATATABLE_NUM_THREADS unset R_DATATABLE_THROTTLE unset (default 1024) omp_get_thread_limit() 1 omp_get_max_threads() 1 OMP_THREAD_LIMIT unset OMP_NUM_THREADS unset RestoreAfterFork true data.table is using 1 threads with throttle==1024. See ?setDTthreads. test.data.table() running: /builds/Rdatatable/data.table/data.table.Rcheck/data.table/tests/tests.Rraw **** Suggested package bit64 is not installed or has dependencies missing. Tests using it will be skipped. **** Suggested package R.utils is not installed or has dependencies missing. Tests using it will be skipped. Test 2194.7 skipped because it needs a UTF-8 locale. Tests 2253* skipped because they need a UTF-8 locale. Tests 2266* skipped. n-tilde cannot be represented in the native encoding on this system. Please report to the data.table issue tracker. Tests 2298.* skipped because they need a UTF-8 locale. V1 1 V1 0,1 0,2 a,b a Sat Oct 4 04:24:52 2025 endian==little, sizeof(long double)==16, capabilities('long.double')==TRUE, longdouble.digits==64, sizeof(pointer)==8, TZ=='UTC', Sys.timezone()=='UTC', Sys.getlocale()=='C', l10n_info()=='MBCS=FALSE; UTF-8=FALSE; Latin-1=FALSE; codeset=ANSI_X3.4-1968', getDTthreads()=='This installation of data.table has not been compiled with OpenMP support.; omp_get_num_procs()==1; R_DATATABLE_NUM_PROCS_PERCENT==unset (default 50); R_DATATABLE_NUM_THREADS==unset; R_DATATABLE_THROTTLE==unset (default 1024); omp_get_thread_limit()==1; omp_get_max_threads()==1; OMP_THREAD_LIMIT==unset; OMP_NUM_THREADS==unset; RestoreAfterFork==true; data.table is using 1 threads with throttle==1024. See ?setDTthreads.', .libPaths()=='/builds/Rdatatable/data.table/data.table.Rcheck','/usr/local/lib/R/site-library','/usr/lib/R/site-library','/usr/lib/R/library', zlib header files were not found when data.table was compiled Caught 13 warnings outside the test() calls: after test 1: -1.0 2: -1.0 3: -1.0 4: -1.0 5: -1.0 6: -1.0 7: -1.0 8: -1.0 9: -1.0 10: -1.0 11: -1.0 12: -1.0 13: 2194.6 warning 1: unable to translate '' to native encoding 2: unable to translate '' to native encoding 3: unable to translate '' to native encoding 4: unable to translate '' to native encoding 5: unable to translate '' to native encoding 6: unable to translate '' to native encoding 7: unable to translate '' to native encoding 8: unable to translate '' to native encoding 9: unable to translate '' to native encoding 10: unable to translate '' to native encoding 11: unable to translate '' to native encoding 12: unable to translate '' to native encoding 13: invalid input found on input connection '/builds/Rdatatable/data.table/data.table.Rcheck/data.table/tests/issue_563_fread.txt' calls 1: test.data.table -> try -> tryCatch -> tryCatchList -> tryCatchOne -> doTryCatch -> withCallingHandlers -> sys.source -> parse -> .signalSimpleWarning -> withRestarts -> withOneRestart -> doWithOneRestart -> ... 2: test.data.table -> try -> tryCatch -> tryCatchList -> tryCatchOne -> doTryCatch -> withCallingHandlers -> sys.source -> parse -> .signalSimpleWarning -> withRestarts -> withOneRestart -> doWithOneRestart -> ... 3: test.data.table -> try -> tryCatch -> tryCatchList -> tryCatchOne -> doTryCatch -> withCallingHandlers -> sys.source -> parse -> .signalSimpleWarning -> withRestarts -> withOneRestart -> doWithOneRestart -> ... 4: test.data.table -> try -> tryCatch -> tryCatchList -> tryCatchOne -> doTryCatch -> withCallingHandlers -> sys.source -> parse -> .signalSimpleWarning -> withRestarts -> withOneRestart -> doWithOneRestart -> ... 5: test.data.table -> try -> tryCatch -> tryCatchList -> tryCatchOne -> doTryCatch -> withCallingHandlers -> sys.source -> parse -> .signalSimpleWarning -> withRestarts -> withOneRestart -> doWithOneRestart -> ... 6: test.data.table -> try -> tryCatch -> tryCatchList -> tryCatchOne -> doTryCatch -> withCallingHandlers -> sys.source -> parse -> .signalSimpleWarning -> withRestarts -> withOneRestart -> doWithOneRestart -> ... 7: test.data.table -> try -> tryCatch -> tryCatchList -> tryCatchOne -> doTryCatch -> withCallingHandlers -> sys.source -> parse -> .signalSimpleWarning -> withRestarts -> withOneRestart -> doWithOneRestart -> ... 8: test.data.table -> try -> tryCatch -> tryCatchList -> tryCatchOne -> doTryCatch -> withCallingHandlers -> sys.source -> parse -> .signalSimpleWarning -> withRestarts -> withOneRestart -> doWithOneRestart -> ... 9: test.data.table -> try -> tryCatch -> tryCatchList -> tryCatchOne -> doTryCatch -> withCallingHandlers -> sys.source -> parse -> .signalSimpleWarning -> withRestarts -> withOneRestart -> doWithOneRestart -> ... 10: test.data.table -> try -> tryCatch -> tryCatchList -> tryCatchOne -> doTryCatch -> withCallingHandlers -> sys.source -> parse -> .signalSimpleWarning -> withRestarts -> withOneRestart -> doWithOneRestart -> ... 11: test.data.table -> try -> tryCatch -> tryCatchList -> tryCatchOne -> doTryCatch -> withCallingHandlers -> sys.source -> parse -> .signalSimpleWarning -> withRestarts -> withOneRestart -> doWithOneRestart -> ... 12: test.data.table -> try -> tryCatch -> tryCatchList -> tryCatchOne -> doTryCatch -> withCallingHandlers -> sys.source -> parse -> .signalSimpleWarning -> withRestarts -> withOneRestart -> doWithOneRestart -> ... 13: test.data.table -> try -> tryCatch -> tryCatchList -> tryCatchOne -> doTryCatch -> withCallingHandlers -> sys.source -> eval -> eval -> readLines -> .signalSimpleWarning -> withRestarts -> withOneRestart -> doWithOneRestart -> ... Error in test.data.table() : Tests succeeded, but non-test code caused warnings. Search tests/tests.Rraw for tests shown above. Calls: test.data.table -> stopf -> raise_condition -> signal Execution halted * DONE Status: 1 ERROR, 1 WARNING, 1 NOTE